 3 - 9*13/(-1). Let g = 55 - s. Let u = -32 - g. What is the remainder when u is divided by 9?
6
Suppose -887 = -60*q + 673. Calculate the remainder when 251 is divided by q.
17
Suppose 2*s + 24 = b - 2*s, -2*b + 24 = 4*s. Suppose 5*g + 2*m = 117, 3*g - 19 = 2*m + 48. What is the remainder when (g + -22)*(-1 - -44) is divided by b?
11
Suppose 0*p = -3*p + 9. Let l be (40/6)/(5/(-60)). What is the remainder when (l/(-30))/((-2)/(-6)) is divided by p?
2
Let o be -2 - 4 - (-3 + -1). Let q be o/11 - (-175)/55. Suppose 0 = 3*r - 4*x - 117, -6*x - 117 = -q*r - 4*x. Calculate the remainder when r is divided by 14.
11
Suppose -a + 11 = -8. Let l = 498 + -484. What is the remainder when a is divided by l?
5
Let c(z) = -8*z - 2. Let m be ((-4)/2)/(4/8). Let a be c(m). Suppose 5*w + 0*w = a. Calculate the remainder when 15 is divided by w.
3
What is the remainder when (7 - 3) + (-15 - -158) is divided by 21?
0
Let d = -7 + 10. Suppose 4*m = -4*l + 164, -d*l + 60 = m - 71. What is the remainder when l is divided by 2/(-2) + 26/2?
9
Let t(w) = -w + 161. Calculate the remainder when t(26) is divided by 6.
3
Suppose -3*s + 4*n = -n + 73, -23 = s - n. Let o = s + 35. What is the remainder when 25 is divided by o?
11
Let i(h) = 142*h + 2. Let q be i(1). Suppose 4*n + 0*n = q. What is the remainder when n is divided by 20?
16
Suppose 3*p + 12 = 7*p. Suppose -33 = -5*d - p. Let l = 4 + d. Calculate the remainder when l is divided by 4.
2
Let f(n) = n**2 + 11*n - 9. Let p(m) = -m**2 - 6*m + 5. Let y(l) = -3*f(l) - 5*p(l). Calculate the remainder when ((-1)/(-1) - 6) + 37 is divided by y(3).
10
Let u = -49 - -99. Calculate the remainder when 90 is divided by u.
40
Calculate the remainder when (7/21)/(2/2514) is divided by 12.
11
Calculate the remainder when (-1 - 1)*3731/(-26) is divided by 14.
7
Let f = 21 + 10. Suppose 16 = 5*g - 3*j, -3*j = g + 3*g - 2. Suppose -g*m = 30 - 274. What is the remainder when m is divided by f?
29
Suppose -5*u + 3*q = -43, -2*q - 35 = -4*u + q. Let k = -16 - -14. Calculate the remainder when (-93)/(-2)*k/(-3) is divided by u.
7
Suppose 5*p + 0*s + 8 = 2*s, 14 = -5*p - 4*s. What is the remainder when 107 is divided by (-270)/(-25)*(-5)/p?
26
Suppose 3*f - 5*m = 366 + 548, f + m - 294 = 0. What is the remainder when f is divided by 43?
40
Let k = 692 - 641. What is the remainder when k is divided by 35?
16
Let k(y) = -9*y - 22. Suppose -n = 5 - 2. Calculate the remainder when 49 is divided by k(n).
4
Let l(v) = -3*v**2 - 4*v + 4*v - 3 + v. Let h be l(-6). Let d = -82 - h. What is the remainder when d is divided by 19?
16
Suppose -f - 2 = v + 3, -4*f = 3*v + 20. Let z = f + 22. Suppose -5*n - 2*h = -100 - 235, 5*h - 25 = 0. Calculate the remainder when n is divided by z.
14
Suppose -4*b - 3*z - 10 = -30, 2*b - z = 10. Suppose -406 = 61*f - 54*f. Let o = -55 - f. Calculate the remainder when b is divided by o.
2
What is the remainder when 34 is divided by 1 + (13 - -1) + 4?
15
Let y = -150 + 157. Suppose -3*b - b = -48. Calculate the remainder when -2 - (-2*1 - b) is divided by y.
5
Let q(r) = -2*r**3 - 2*r**2 - 5*r - 3. Let o be q(-2). Suppose -25 = -10*u + o. Let s = 9 - 6. Calculate the remainder when u is divided by s.
1
Let k(q) = -2*q**3 - 28*q**2 - q + 8. Calculate the remainder when 64 is divided by k(-14).
20
What is the remainder when (-1)/3 - (1 - (-3250)/(-39)) is divided by 16?
2
Suppose -9*l + 270 = 2*z - 6*l, -3*z = 5*l - 405. What is the remainder when z is divided by 103?
32
Let r = 21 + -17. Suppose 4*z + 4*j - 64 = 0, -4*z - 6*j + 60 = -r*j. Suppose 0 = 4*d - 22 - z. Calculate the remainder when 15 is divided by d.
6
Suppose -5*h + 69 = 44, -r + 2*h = -29. Calculate the remainder when 45 is divided by r.
6
Let y = 332 - 317. What is the remainder when 17 is divided by y?
2
Let i = 2150 + -2128. What is the remainder when 243 is divided by i?
1
Let s(z) = z**2 - z. Let h(j) = j**2. Let v(q) = -h(q) + 2*s(q). Calculate the remainder when v(8) is divided by 10.
8
Let p(d) be the third derivative of -d**4/4 + d**3/6 - d**2. Let i be p(-3). Let y = 84 - i. Calculate the remainder when y is divided by 22.
21
Suppose -1199 = -5*c + m, c - 140 = 3*m + 97. Suppose -2*b - b + c = 0. What is the remainder when b is divided by 24 + 3 + -1 + 1?
26
Suppose 2*x - x = -20. What is the remainder when 8/(x/28 + 1) is divided by 17?
11
Let x(d) = -26*d - 196. Calculate the remainder when 72 is divided by x(-9).
34
Let j(f) = -f**2 + 7*f + 4. Let p be j(-6). Let b = -169 - p. Let o = b + 172. What is the remainder when o is divided by 27?
23
Suppose 2*y - 64 = -0*y - 4*f, y - f = 20. Calculate the remainder when (-461)/(-4) + (-6)/y is divided by 29.
28
Let q(u) = 12*u + 104. Let a = 31 + -11. What is the remainder when a is divided by q(-8)?
4
Suppose -5*w = -x + 9 + 22, -5*w = 4*x + 1. Suppose 4*r - x = 2*r - 2*d, d = r - 11. Calculate the remainder when 19 is divided by r.
5
Suppose 8*u - 2597 = -2517. Calculate the remainder when 87 is divided by u.
7
Suppose 12*a + 2*n = 11*a + 42, -78 = -2*a + 2*n. What is the remainder when a is divided by 29?
11
Let n = -230 + 238. Calculate the remainder when 103 is divided by n.
7
Suppose -2*b + 9 = -47. What is the remainder when b is divided by 12 + -4*9/6?
4
Let i = -16 - -46. Calculate the remainder when i is divided by 18.
12
Suppose -40 = -2*d + 146. Suppose -5*r = -d - 127. What is the remainder when 173 is divided by r?
41
Let f = 60 - -353. Let p = 119 - 110. What is the remainder when (-6)/p + f/21 is divided by 8?
3
Let y(d) = -d**3 - 15*d**2 + 17*d + 15. Let r be y(-16). Let m(s) = -13*s + 2. Calculate the remainder when 57 is divided by m(r).
12
Suppose 4*d = -d + 5. Let k be 2/(-2) - (0 + d). Let x(s) = -4*s**3 - 2*s**2 + 1. What is the remainder when 74 is divided by x(k)?
24
Suppose 220 - 88 = 6*h. Calculate the remainder when 130 is divided by h.
20
Let g = 225 - 156. What is the remainder when g is divided by 10?
9
Suppose 25*a - 17*a = 336. Calculate the remainder when a is divided by 16 + 1 + 5 + -7.
12
Suppose 19*f - 18*f = 8. Suppose -168 = -2*r + 3*d, -1 - 7 = 4*d. What is the remainder when r is divided by f/32 - 166/(-8)?
18
Let m(k) = k**3 - 12*k**2 + 16*k - 9. Let x be m(11). Suppose h - 2*h = -x. What is the remainder when h is divided by 12?
10
Let n(r) = -9*r - 116. What is the remainder when n(-17) is divided by 13?
11
Let s = -2 + 2. Suppose s = -5*j - 4*k - 76, 0*j - 5*j = 5*k + 80. Let q = 25 + j. Calculate the remainder when 38 is divided by q.
12
Suppose o = -0*o + 25. Suppose 9 - 1 = 3*w + 2*d, 2*w - 5*d - 18 = 0. Suppose 27 = w*g - g. Calculate the remainder when o is divided by g.
7
Let v(a) = 2*a**3 + 6*a**2 - 4*a - 12. Let k be v(-3). Suppose -g + k*s = -3*s - 25, -3*g = 5*s - 33. Calculate the remainder when 41 is divided by g.
9
Let b(a) = a**2 + 7*a + 8. Let k be b(-6). Suppose x - 39 = 5*j - 0*x, 22 = -3*j + k*x. What is the remainder when 14 is divided by (j/2)/(-2) - -2?
2
Let o(d) = 2*d**3 + d**2 - 31*d + 76. What is the remainder when o(7) is divided by 85?
84
Let y be (-2)/(-4)*(-3 + 3 - -2). Let x(g) = 42*g**2. Calculate the remainder when x(y) is divided by 12.
6
Let g(p) = 122*p + 523. Calculate the remainder when 406 is divided by g(-4).
21
Let s(p) = -p**3 - 42*p**2 - 47*p + 66. Calculate the remainder when s(-41) is divided by 35.
32
Suppose -6*z = z + 84. Let f = -4 - z. Calculate the remainder when 14 is divided by f.
6
Let j(z) = -z**3 - 2*z**2 + 3*z - 2. What is the remainder when 110/(-4)*(-6)/5 is divided by j(-4)?
15
Suppose 26 + 22 = 3*h. Let a = 73 + -21. Let w = 58 - a. Calculate the remainder when h is divided by w.
4
Let q = 0 + 16. Let p(i) be the second derivative of i**4/12 + 5*i**3/6 + 5*i**2 + 3*i. What is the remainder when p(4) is divided by q?
14
Suppose 0 = 5*u + 65 - 130. What is the remainder when 86 is divided by u?
8
Let y = 1148 + -1097. What is the remainder when 1068 is divided by y?
48
Let c(g) = -g**2 + 10*g + 6. Let t(j) = 1. Let s(r) = c(r) + 2*t(r). Calculate the remainder when s(5) is divided by 13.
7
Suppose 3*q + 3 = 12. Suppose -q*m + 4*f = -4*m + 22, 12 = m + 2*f. Suppose 48 = 5*x - m*x. Calculate the remainder when 30 is divided by x.
14
Suppose 0 = 9*u + u - 160. Calculate the remainder when 98 